 252. What is the units digit of m?
8
Suppose z = 5*d - 18, z - 4*d + 10 = -d. Suppose z*q - q = 7. What is the units digit of q?
7
Let j(a) = 52*a**2 - 2*a + 1. What is the units digit of j(1)?
1
Let j be (-14)/(-4) - (-2)/4. Let g(d) = 4*d**2 + j - 4*d**2 + 2 - 4*d + d**2. What is the tens digit of g(5)?
1
Let v be (1 - (-2 - -12))*-1. Let k = v + -18. Let z(g) = g**3 + 10*g**2 + 7*g - 11. What is the units digit of z(k)?
7
Suppose c + z - 3 = 0, -4*c - z = -c - 7. What is the units digit of c?
2
Suppose -5*f + 0*j = -4*j - 27, -5*f = 3*j - 6. Suppose -4*a - 11 = -3. Let r = f - a. What is the units digit of r?
5
What is the units digit of (-2)/6*750/(-10)?
5
Let w = 79 + 20. What is the tens digit of w?
9
Let l(q) = 0 + q**2 + 0 - 2*q - 3. What is the units digit of l(-4)?
1
Let d(p) = 2 - 4 + 3 - 6*p. Let t = -8 - -6. What is the units digit of d(t)?
3
What is the units digit of 99 + (-25)/5 - -3?
7
Let i be 1/(-3)*-23*3. Let h = i - 3. Let y = h - 14. What is the units digit of y?
6
Suppose 0 = -4*k - 71 - 33. Let f = 53 + k. What is the tens digit of f?
2
Suppose p + 4*p + 1605 = 0. What is the units digit of (-2)/3 - p/9?
5
Let x be (50/(-4))/5*-6. Let i = x + -13. What is the units digit of i?
2
Let a be (2/(-3))/((-1)/90). Suppose 0 = b + b - a. Suppose z - b = -z. What is the tens digit of z?
1
What is the tens digit of (-5 - -2) + 372/4 + 3?
9
Let d = -1 + 2. What is the tens digit of (33 + -3 - 1)*d?
2
Suppose -3 - 17 = -4*d. Let c(h) = h + 2. What is the units digit of c(d)?
7
What is the units digit of (-3 + 1)*(-2)/4?
1
Let l be (3*-2)/((-2)/6). Let h = 26 - l. Suppose 39 = 4*w - s, -2*w + h = s - 7. What is the units digit of w?
9
Let h = 2 + 0. What is the units digit of (2 - -60)/(0 + h)?
1
Let r = 8 - 6. Suppose -r*x = 4*c - 18, -3*x + 21 = 4*c - 2*x. What is the units digit of c?
6
What is the tens digit of 1 + -4 + 216/9?
2
Suppose 3*a - 1 = 5. Let d = a + 0. What is the units digit of d?
2
Let b(x) = -x**3 + 5*x**2 - 4*x - 3. Let p be b(5). Let z = p - -46. What is the units digit of z?
3
Let p(f) = 4*f - 3. Let s be p(4). Suppose -2*j + 0*k - 2 = -2*k, -3*j = 5*k - s. What is the units digit of (j/(-3))/((-3)/36)?
4
Suppose y - 4 = z, 4*y - 20 = -y - 2*z. Suppose -2*l = b - 1, -7*l + 3*l = -y*b + 4. Suppose l = -6*t + 3*t + 12. What is the units digit of t?
4
Let v be 9/2*-2 + 2. Let x = 7 + v. Suppose 2*j = p - 27, x = -4*p + 2*j + j + 88. What is the units digit of p?
9
Let s(f) = -2*f - 2. Let t be s(-2). What is the units digit of 522/14 + t/(-7)?
7
Suppose -p + 359 = 2*n, 2*n - 389 = -0*p + 5*p. What is the hundreds digit of n?
1
What is the units digit of (-1804)/(-16) - -3 - 1/(-4)?
6
Let v(j) = 5*j - 16*j + 3*j + 4 + 5*j. Suppose 0 = -q + 4 - 8. What is the units digit of v(q)?
6
Suppose -2*s - 5*z + 0*z - 6 = 0, -2*s - 3*z - 2 = 0. Let i be 6/s + (1 - 1). Suppose 1 = -i*u - p, 2*u - 12 = -2*u + 2*p. What is the units digit of u?
1
Suppose y - 1 = 0, 0 = -4*n - 3*y + 13 + 230. What is the units digit of n?
0
Let s(c) = -c - 7. Suppose 2*v + 2*v = -24. Let f be s(v). What is the units digit of 10*f/(-4)*2?
5
What is the hundreds digit of (-116)/10*(-20)/1?
2
Suppose 3 + 1 = b. Suppose -35 - b = -3*u. What is the tens digit of u?
1
Let c(r) = -2*r. Suppose -5*f + 5 = -0*f. Let w be c(f). What is the units digit of 2 - (0/w)/3?
2
Let d be (-114)/10 - 9/15. What is the units digit of d/(-2)*(-3)/(-2)?
9
Let g(a) = -a - 1. Let i be g(-6). Let o(p) = p**3 - 4*p**2 - 4*p - 1. Let b be o(i). Suppose -1 = x - b. What is the units digit of x?
3
Let z(s) = -s - 1. Let t be (-33)/(-27) - 4/18. Let g be z(t). Let j = 8 - g. What is the units digit of j?
0
Let m(s) = -s**3 - s**2 + 4. What is the units digit of m(-2)?
8
Let r(i) = 2*i**3 - 2*i**2 - i - 1. Let o = 0 + 3. Let u = -1 + o. What is the units digit of r(u)?
5
Suppose 0 = 2*t + 4 - 2, 0 = 5*w - t - 446. What is the units digit of w?
9
Let m(g) = -1 + 4*g**2 + 2 + 1. Let u be m(2). Suppose -u = -3*j + 15. What is the tens digit of j?
1
Suppose -66 = -3*a - 3*p, p + 51 = 2*a - 4*p. What is the tens digit of a?
2
Let i(p) = -p**3 - 3*p**2 + 7*p + 30. What is the units digit of i(-5)?
5
Suppose y - 760 = -4*y. What is the units digit of y?
2
Suppose 3*o = o + 90. Let a = o + -30. What is the units digit of 69/a + 4/10?
5
Let q = -41 + 92. Let a = -33 + q. What is the units digit of a?
8
Let l(d) = -6*d**3 - 21*d**2 + 24*d + 16. Let r(h) = 5*h**3 + 20*h**2 - 23*h - 15. Let m(u) = 4*l(u) + 5*r(u). What is the tens digit of m(-17)?
2
Let i(t) be the third derivative of t**5/30 + t**4/6 - t**3/3 - 3*t**2. What is the tens digit of i(-4)?
1
Let p(a) be the first derivative of -4*a - 1/3*a**3 + 1 + 3*a**2. What is the units digit of p(4)?
4
Let g(w) = w**2 + 7*w + 6. Let o be g(-6). What is the units digit of (2 + o)/2 + 3?
4
Let s(j) = -3 + 5*j**2 - 1 - j**3 + 5 - 3*j. What is the tens digit of s(3)?
1
Suppose 0*z + 60 = z. What is the units digit of z?
0
What is the tens digit of 16/(-6*(-3)/45)?
4
Suppose -5*q + 0*q = -2*u - 20, -u + q - 7 = 0. Let z(w) = -w**3 - 5*w**2 - 2*w - 7. What is the units digit of z(u)?
3
Let g(a) = -a**3 - 11*a**2 - 26*a - 4. What is the tens digit of g(-8)?
1
Suppose 2*q = 5*y + 73, 3*q - 5*q - 3*y + 49 = 0. What is the tens digit of q?
2
Suppose 7*k - 3*k = 0. Suppose -5*y + 44 + 6 = k. Suppose 3*c = -y + 28. What is the units digit of c?
6
Let z(w) = 3*w + 7. Let l be z(-7). What is the units digit of (-6)/(-21) - 80/l?
6
Let a(d) = d**2 + 4*d - 7. Let s be a(-6). Let z = s + -3. Suppose -z*j + 16 - 4 = 0. What is the units digit of j?
6
Let l(z) = 4*z + 119. What is the units digit of l(0)?
9
Suppose 3*y + 8 - 2 = 0. What is the units digit of (-24)/(-15) + y/(-5)?
2
Suppose -3*k + 8 = k. Suppose 0 = -k*h - 0*h. Suppose h*m + 12 = 4*m. What is the units digit of m?
3
Let a = 38 + 5. What is the tens digit of a?
4
Let k be (2/1)/(-7 + 5). Let h = k - -20. What is the units digit of h?
9
What is the units digit of (-223 - -1)*5/(-10)?
1
Suppose 3*p = 7*p - 244. What is the units digit of p?
1
Let g(q) = -q**2 + 1. Let x be g(-1). Let f be x - (-10 - (-1 - 1)). Suppose -w - f = -3*d, 0*d + 13 = -2*d - 3*w. What is the units digit of d?
1
Let g be 2/9 + 16/9. Suppose 5*m - 15 = -4*w, -6 = -4*m + g*m - 5*w. Suppose -2*l = m*l + 3*q - 38, 3*l + 4*q - 25 = 0. What is the units digit of l?
7
Let p(z) = 2*z - 13. Let m = 23 + -11. What is the tens digit of p(m)?
1
Suppose 5*u = -3*o + 48, 5*o - 3*o - 38 = -4*u. Let q be (u - -2)*2/(-2). Let r = -7 - q. What is the units digit of r?
4
Suppose -3*k + 8 = k, -3*c + 4*k + 22 = 0. What is the units digit of c?
0
Let o(i) = 4*i**3 + i**2 + i + 1. Let j be o(-1). Suppose 2*b + 2*b + 51 = -3*v, -5*b - v = 61. Let g = j - b. What is the units digit of g?
9
Suppose -2626 = -6*r - 652. What is the units digit of r?
9
Suppose -4*o - 3*k + 963 = -6*k, -5*o - 2*k = -1175. What is the units digit of o?
7
Let x(b) = -b**3 + b**2 + b - 2. Let z be x(2). Let i = z - -8. Suppose 0 = c + 2*w - i, -3*c - 3*w + 8*w = -34. What is the units digit of c?
8
What is the hundreds digit of 253 + (169/52 - (-2)/(-8))?
2
Let k(f) = 2*f**2 - 22. What is the tens digit of k(-8)?
0
Suppose -8 = 2*g + 4. Let b be (g/(-9))/2*21. Let f = 15 - b. What is the units digit of f?
8
Let c(y) = -10*y + 1. Let o be c(-1). Let u = 17 + o. What is the tens digit of u?
2
Suppose 3*u - l - 178 = 0, 2*u - 5*l + 86 = 3*u. What is the units digit of u?
1
Suppose 2*i + 7 + 21 = 0. Let m = 20 + i. Let q = m + -4. What is the units digit of q?
2
Suppose 6*v - 3*v = 6. Suppose f + o + 8 = 0, -v*o = -3*f - 0*o + 1. Let y = 4 + f. What is the units digit of y?
1
Suppose 4*x = 22 + 10. What is the units digit of x?
8
Suppose 5*v + 25 = 0, -b + 5*v + 0*v + 46 = 0. What is the units digit of b?
1
Let z(j) = 3 - 2 + 25*j - 1. What is the tens digit of z(1)?
2
Suppose 2*a + 0*a - 8 = 0. Let i be ((-9)/1)/(a - 5). Suppose 2*b + 5*c = i*c + 26, 7 = -b - 2*c. What is the units digit of b?
3
Let m = 24 - -51. What is the units digit of m?
5
Let q(z) = 33*z - 7. What is the tens digit of q(3)?
9
What is the hundreds digit of 4/60*-3 + (-1296)/(-5)?
2
Let l be (3/(-2))/(4/40). Let i be (6/l)/(1/(-5)). Suppose -a + 4*g - 4 = 0, -a - 1 = i*g - 5*g. What is the units